{"id":5171,"date":"2021-06-18T21:42:13","date_gmt":"2021-06-18T19:42:13","guid":{"rendered":"https:\/\/alibabamobilya.com\/?post_type=product&#038;p=5171"},"modified":"2021-06-18T23:26:25","modified_gmt":"2021-06-18T21:26:25","slug":"organik-oyuncak-is-makinasi","status":"publish","type":"product","link":"https:\/\/alibabamobilya.com\/?product=organik-oyuncak-is-makinasi","title":{"rendered":"Organik Oyuncak \u0130\u015f Makinas\u0131"},"content":{"rendered":"<figure id=\"attachment_5172\" aria-describedby=\"caption-attachment-5172\" style=\"width: 300px\" class=\"wp-caption alignnone\"><img decoding=\"async\" class=\"size-medium wp-image-5172\" src=\"https:\/\/alibabamobilya.com\/wp-content\/uploads\/2021\/06\/2-300x300.png\" alt=\"Oyuncak \u0130\u015f Makinas\u0131\" width=\"300\" height=\"300\" srcset=\"https:\/\/alibabamobilya.com\/wp-content\/uploads\/2021\/06\/2-300x300.png 300w, https:\/\/alibabamobilya.com\/wp-content\/uploads\/2021\/06\/2-1024x1024.png 1024w, https:\/\/alibabamobilya.com\/wp-content\/uploads\/2021\/06\/2-150x150.png 150w, https:\/\/alibabamobilya.com\/wp-content\/uploads\/2021\/06\/2-768x768.png 768w, https:\/\/alibabamobilya.com\/wp-content\/uploads\/2021\/06\/2-12x12.png 12w, https:\/\/alibabamobilya.com\/wp-content\/uploads\/2021\/06\/2-400x400.png 400w, https:\/\/alibabamobilya.com\/wp-content\/uploads\/2021\/06\/2-100x100.png 100w, https:\/\/alibabamobilya.com\/wp-content\/uploads\/2021\/06\/2-600x600.png 600w, https:\/\/alibabamobilya.com\/wp-content\/uploads\/2021\/06\/2.png 1080w\" sizes=\"(max-width: 300px) 100vw, 300px\" \/><figcaption id=\"caption-attachment-5172\" class=\"wp-caption-text\">Oyuncak \u0130\u015f Makinas\u0131<\/figcaption><\/figure>\n","protected":false},"excerpt":{"rendered":"<p>Tamamen organik \u00fcr\u00fcnler kullan\u0131larak \u00fcretilmi\u015f oyuncak i\u015f makinas\u0131<\/p>\n","protected":false},"featured_media":5172,"comment_status":"open","ping_status":"closed","template":"","meta":[],"product_cat":[62,42],"product_tag":[],"class_list":{"0":"post-5171","1":"product","2":"type-product","3":"status-publish","4":"has-post-thumbnail","6":"product_cat-oyuncak","7":"product_cat-all","9":"first","10":"instock","11":"shipping-taxable","12":"purchasable","13":"product-type-simple"},"yoast_head":"<!-- This site is optimized with the Yoast SEO plugin v16.5 - https:\/\/yoast.com\/wordpress\/plugins\/seo\/ -->\n<title>Organik Oyuncak \u0130\u015f Makinas\u0131 - Alibaba mobilya<\/title>\n<meta name=\"robots\" content=\"index, follow, max-snippet:-1, max-image-preview:large, max-video-preview:-1\" \/>\n<link rel=\"canonical\" href=\"https:\/\/alibabamobilya.com\/product\/organik-oyuncak-is-makinasi\/\" \/>\n<meta property=\"og:locale\" content=\"tr_TR\" \/>\n<meta property=\"og:type\" content=\"article\" \/>\n<meta property=\"og:title\" content=\"Organik Oyuncak \u0130\u015f Makinas\u0131 - Alibaba mobilya\" \/>\n<meta property=\"og:description\" content=\"Tamamen organik \u00fcr\u00fcnler kullan\u0131larak \u00fcretilmi\u015f oyuncak i\u015f makinas\u0131\" \/>\n<meta property=\"og:url\" content=\"https:\/\/alibabamobilya.com\/product\/organik-oyuncak-is-makinasi\/\" \/>\n<meta property=\"og:site_name\" content=\"Alibaba mobilya\" \/>\n<meta property=\"article:modified_time\" content=\"2021-06-18T21:26:25+00:00\" \/>\n<meta property=\"og:image\" content=\"https:\/\/alibabamobilya.com\/wp-content\/uploads\/2021\/06\/2.png\" \/>\n\t<meta property=\"og:image:width\" content=\"1080\" \/>\n\t<meta property=\"og:image:height\" content=\"1080\" \/>\n<meta name=\"twitter:card\" content=\"summary_large_image\" \/>\n<meta name=\"twitter:label1\" content=\"Tahmini okuma s\u00fcresi\" \/>\n\t<meta name=\"twitter:data1\" content=\"1 dakika\" \/>\n<script type=\"application\/ld+json\" class=\"yoast-schema-graph\">{\"@context\":\"https:\/\/schema.org\",\"@graph\":[{\"@type\":\"WebSite\",\"@id\":\"https:\/\/alibabamobilya.com\/#website\",\"url\":\"https:\/\/alibabamobilya.com\/\",\"name\":\"Alibaba mobilya\",\"description\":\"Infinite furniture\",\"potentialAction\":[{\"@type\":\"SearchAction\",\"target\":\"https:\/\/alibabamobilya.com\/?s={search_term_string}\",\"query-input\":\"required name=search_term_string\"}],\"inLanguage\":\"tr\"},{\"@type\":\"ImageObject\",\"@id\":\"https:\/\/alibabamobilya.com\/product\/organik-oyuncak-is-makinasi\/#primaryimage\",\"inLanguage\":\"tr\",\"url\":\"https:\/\/alibabamobilya.com\/wp-content\/uploads\/2021\/06\/2.png\",\"contentUrl\":\"https:\/\/alibabamobilya.com\/wp-content\/uploads\/2021\/06\/2.png\",\"width\":1080,\"height\":1080,\"caption\":\"Oyuncak \\u0130\\u015f Makinas\\u0131\"},{\"@type\":\"WebPage\",\"@id\":\"https:\/\/alibabamobilya.com\/product\/organik-oyuncak-is-makinasi\/#webpage\",\"url\":\"https:\/\/alibabamobilya.com\/product\/organik-oyuncak-is-makinasi\/\",\"name\":\"Organik Oyuncak \\u0130\\u015f Makinas\\u0131 - Alibaba mobilya\",\"isPartOf\":{\"@id\":\"https:\/\/alibabamobilya.com\/#website\"},\"primaryImageOfPage\":{\"@id\":\"https:\/\/alibabamobilya.com\/product\/organik-oyuncak-is-makinasi\/#primaryimage\"},\"datePublished\":\"2021-06-18T19:42:13+00:00\",\"dateModified\":\"2021-06-18T21:26:25+00:00\",\"breadcrumb\":{\"@id\":\"https:\/\/alibabamobilya.com\/product\/organik-oyuncak-is-makinasi\/#breadcrumb\"},\"inLanguage\":\"tr\",\"potentialAction\":[{\"@type\":\"ReadAction\",\"target\":[\"https:\/\/alibabamobilya.com\/product\/organik-oyuncak-is-makinasi\/\"]}]},{\"@type\":\"BreadcrumbList\",\"@id\":\"https:\/\/alibabamobilya.com\/product\/organik-oyuncak-is-makinasi\/#breadcrumb\",\"itemListElement\":[{\"@type\":\"ListItem\",\"position\":1,\"name\":\"Anasayfa\",\"item\":\"https:\/\/alibabamobilya.com\/\"},{\"@type\":\"ListItem\",\"position\":2,\"name\":\"\\u00dcr\\u00fcnlerimiz\",\"item\":\"https:\/\/alibabamobilya.com\/?page_id=37\"},{\"@type\":\"ListItem\",\"position\":3,\"name\":\"Organik Oyuncak \\u0130\\u015f Makinas\\u0131\"}]}]}<\/script>\n<!-- \/ Yoast SEO plugin. -->","_links":{"self":[{"href":"https:\/\/alibabamobilya.com\/index.php?rest_route=\/wp\/v2\/product\/5171","targetHints":{"allow":["GET"]}}],"collection":[{"href":"https:\/\/alibabamobilya.com\/index.php?rest_route=\/wp\/v2\/product"}],"about":[{"href":"https:\/\/alibabamobilya.com\/index.php?rest_route=\/wp\/v2\/types\/product"}],"replies":[{"embeddable":true,"href":"https:\/\/alibabamobilya.com\/index.php?rest_route=%2Fwp%2Fv2%2Fcomments&post=5171"}],"version-history":[{"count":2,"href":"https:\/\/alibabamobilya.com\/index.php?rest_route=\/wp\/v2\/product\/5171\/revisions"}],"predecessor-version":[{"id":5175,"href":"https:\/\/alibabamobilya.com\/index.php?rest_route=\/wp\/v2\/product\/5171\/revisions\/5175"}],"wp:featuredmedia":[{"embeddable":true,"href":"https:\/\/alibabamobilya.com\/index.php?rest_route=\/wp\/v2\/media\/5172"}],"wp:attachment":[{"href":"https:\/\/alibabamobilya.com\/index.php?rest_route=%2Fwp%2Fv2%2Fmedia&parent=5171"}],"wp:term":[{"taxonomy":"product_cat","embeddable":true,"href":"https:\/\/alibabamobilya.com\/index.php?rest_route=%2Fwp%2Fv2%2Fproduct_cat&post=5171"},{"taxonomy":"product_tag","embeddable":true,"href":"https:\/\/alibabamobilya.com\/index.php?rest_route=%2Fwp%2Fv2%2Fproduct_tag&post=5171"}],"curies":[{"name":"wp","href":"https:\/\/api.w.org\/{rel}","templated":true}]}}